{"id":3556,"date":"2019-03-04T09:26:26","date_gmt":"2019-03-04T08:26:26","guid":{"rendered":"https:\/\/bassinvouge.com\/wordvouge\/?page_id=3556"},"modified":"2025-07-28T14:48:50","modified_gmt":"2025-07-28T12:48:50","slug":"preservation-de-la-ressource","status":"publish","type":"page","link":"https:\/\/bassinvouge.com\/?page_id=3556","title":{"rendered":"Pr\u00e9servation de la ressource"},"content":{"rendered":"<div id='full_slider_1'  class='avia-fullwidth-slider main_color avia-shadow   avia-builder-el-0  el_before_av_heading  avia-builder-el-first   container_wrap sidebar_right'  ><div  class='avia-slideshow av-fsf8za-18ab8f6c889aadbc804b05a7a49130c0 avia-slideshow-featured av_slideshow_full avia-slide-slider av-slideshow-ui av-control-default av-slideshow-manual av-loop-once av-loop-manual-endless av-default-height-applied   avia-slideshow-1' data-slideshow-options=\"{&quot;animation&quot;:&quot;slide&quot;,&quot;autoplay&quot;:false,&quot;loop_autoplay&quot;:&quot;once&quot;,&quot;interval&quot;:5,&quot;loop_manual&quot;:&quot;manual-endless&quot;,&quot;autoplay_stopper&quot;:false,&quot;noNavigation&quot;:false,&quot;bg_slider&quot;:false,&quot;keep_padding&quot;:false,&quot;hoverpause&quot;:false,&quot;show_slide_delay&quot;:0}\"  itemprop=\"image\" itemscope=\"itemscope\" itemtype=\"https:\/\/schema.org\/ImageObject\" ><ul class='avia-slideshow-inner ' style='padding-bottom: 28.666666666667%;'><li  class='avia-slideshow-slide av-fsf8za-18ab8f6c889aadbc804b05a7a49130c0__0  av-single-slide slide-1 slide-odd'><div data-rel='slideshow-1' class='avia-slide-wrap '   ><div class='av-slideshow-caption av-fsf8za-18ab8f6c889aadbc804b05a7a49130c0__0 caption_fullwidth caption_center caption_center_framed caption_framed'><div class=\"container caption_container\"><div class=\"slideshow_caption\"><div class=\"slideshow_inner_caption\"><div class=\"slideshow_align_caption\"><h2 class='avia-caption-title '  itemprop=\"name\" >Syndicat du Bassin de la Vouge<\/h2><\/div><\/div><\/div><\/div><\/div><img decoding=\"async\" fetchpriority=\"high\" class=\"wp-image-3326 avia-img-lazy-loading-not-3326\"  src=\"https:\/\/bassinvouge.com\/wp-content\/uploads\/2017\/12\/fond-1-1500x430.jpg\" width=\"1500\" height=\"430\" title='fond' alt=''  itemprop=\"thumbnailUrl\"   \/><\/div><\/li><\/ul><\/div><\/div><div id='after_full_slider_1'  class='main_color av_default_container_wrap container_wrap sidebar_right'  ><div class='container av-section-cont-open' ><div class='template-page content  av-content-small alpha units'><div class='post-entry post-entry-type-page post-entry-3556'><div class='entry-content-wrapper clearfix'>\n\n<style type=\"text\/css\" data-created_by=\"avia_inline_auto\" id=\"style-css-av-318wj8-2c5ba40d23a8ac1dd0f076289f68d547\">\n#top .av-special-heading.av-318wj8-2c5ba40d23a8ac1dd0f076289f68d547{\npadding-bottom:10px;\ncolor:#000000;\n}\nbody .av-special-heading.av-318wj8-2c5ba40d23a8ac1dd0f076289f68d547 .av-special-heading-tag .heading-char{\nfont-size:25px;\n}\n.av-special-heading.av-318wj8-2c5ba40d23a8ac1dd0f076289f68d547 .special-heading-inner-border{\nborder-color:#000000;\n}\n.av-special-heading.av-318wj8-2c5ba40d23a8ac1dd0f076289f68d547 .av-subheading{\nfont-size:15px;\n}\n<\/style>\n<div  class='av-special-heading av-318wj8-2c5ba40d23a8ac1dd0f076289f68d547 av-special-heading-h1 custom-color-heading blockquote modern-quote modern-centered  avia-builder-el-1  el_after_av_slideshow_full  el_before_av_section  avia-builder-el-no-sibling  av-linked-heading'><h1 class='av-special-heading-tag '  itemprop=\"headline\"  >Pr\u00e9servation de la ressource (MAJ le 28 juillet 2025)<\/h1><div class=\"special-heading-border\"><div class=\"special-heading-inner-border\"><\/div><\/div><\/div>\n<\/div><\/div><\/div><!-- close content main div --><\/div><\/div><div id='av_section_1'  class='avia-section av-a5w84m-a6257648739b851a10cbb47e33f86f9b main_color avia-section-default avia-no-shadow  avia-builder-el-2  el_after_av_heading  el_before_av_textblock  avia-bg-style-scroll container_wrap sidebar_right'  ><div class='container av-section-cont-open' ><div class='template-page content  av-content-small alpha units'><div class='post-entry post-entry-type-page post-entry-3556'><div class='entry-content-wrapper clearfix'>\n\n<style type=\"text\/css\" data-created_by=\"avia_inline_auto\" id=\"style-css-av-709nbq-9c2bf3e210c4f7741603b25169b4fff3\">\n.flex_column.av-709nbq-9c2bf3e210c4f7741603b25169b4fff3{\nborder-radius:0px 0px 0px 0px;\npadding:0px 0px 0px 0px;\n}\n<\/style>\n<div  class='flex_column av-709nbq-9c2bf3e210c4f7741603b25169b4fff3 av_one_half  avia-builder-el-3  el_before_av_one_half  avia-builder-el-first  first flex_column_div av-zero-column-padding  '     ><style type=\"text\/css\" data-created_by=\"avia_inline_auto\" id=\"style-css-av-5ohtqu-0a7091ed5606be1f1bb6425ff834f5ea\">\n#top .av_textblock_section.av-5ohtqu-0a7091ed5606be1f1bb6425ff834f5ea .avia_textblock{\ncolor:#000000;\n}\n<\/style>\n<section  class='av_textblock_section av-5ohtqu-0a7091ed5606be1f1bb6425ff834f5ea '   itemscope=\"itemscope\" itemtype=\"https:\/\/schema.org\/CreativeWork\" ><div class='avia_textblock av_inherit_color'  itemprop=\"text\" ><h4 style=\"text-align: center;\"><span style=\"text-decoration: underline;\"><strong>L&rsquo;arr\u00eat\u00e9 de pr\u00e9servation de la ressource <\/strong><\/span><\/h4>\n<p style=\"text-align: center;\"><strong>Le cadre g\u00e9n\u00e9ral<\/strong><\/p>\n<p><a href=\"https:\/\/bassinvouge.com\/wp-content\/uploads\/2025\/06\/20240716_AP_cadre_dep_21_2024_vd.pdf\" target=\"_blank\" rel=\"noopener\">L&rsquo;arr\u00eat\u00e9 cadre du 16 juillet 2024<\/a> pr\u00e9voient la pr\u00e9servation de la ressource en eau de la C\u00f4te d\u2019Or et sur l&rsquo;axe Sa\u00f4ne. Le bassin versant de la Vouge est le RM6. Les restrictions et\/ou les interdictions d\u2019usage de l\u2019eau sont d\u00e9finies en fonction de l\u2019atteinte d\u2019un des trois seuils (Alerte, Alerte Renforc\u00e9e ou Crise) sur la Vouge \u00e0 Saint-Nicolas-l\u00e8s-C\u00eeteaux, la Bi\u00e8tre \u00e0 Brazey-en-Plaine et la Cent Fonts \u00e0 Saulon-la-Rue.<\/p>\n<hr \/>\n<h4 style=\"text-align: center;\"><span style=\"text-decoration: underline;\"><strong>Les arr\u00eat\u00e9s de limitation d&rsquo;usages de l&rsquo;eau en 2025\u00a0<\/strong><\/span><\/h4>\n<h4 style=\"text-align: center;\"><\/h4>\n<hr \/>\n<p><span style=\"color: #000000;\">Le bassin versant de la Vouge est en <a href=\"https:\/\/www.cote-dor.gouv.fr\/Actions-de-l-Etat\/Environnement\/Eau\/Gestion-de-la-ressource-en-eau\/Gestion-de-l-etiage\/Episodes-de-secheresse\/Dispositions-applicables-a-partir-du-28-juillet\">alerte<\/a> depuis le 28 juillet 2025<\/span>.<\/p>\n<\/div><\/section><\/div>\n<style type=\"text\/css\" data-created_by=\"avia_inline_auto\" id=\"style-css-av-709nbq-6-811e269d3591ae91226ed49ac6b0346b\">\n.flex_column.av-709nbq-6-811e269d3591ae91226ed49ac6b0346b{\nborder-radius:0px 0px 0px 0px;\npadding:0px 0px 0px 0px;\n}\n<\/style>\n<div  class='flex_column av-709nbq-6-811e269d3591ae91226ed49ac6b0346b av_one_half  avia-builder-el-5  el_after_av_one_half  el_before_av_one_full  flex_column_div av-zero-column-padding  '     ><style type=\"text\/css\" data-created_by=\"avia_inline_auto\" id=\"style-css-av-5ohtqu-5-07a4df53ef1fcbc9a6c1e136b75db71a\">\n#top .av_textblock_section.av-5ohtqu-5-07a4df53ef1fcbc9a6c1e136b75db71a .avia_textblock{\ncolor:#000000;\n}\n<\/style>\n<section  class='av_textblock_section av-5ohtqu-5-07a4df53ef1fcbc9a6c1e136b75db71a '   itemscope=\"itemscope\" itemtype=\"https:\/\/schema.org\/CreativeWork\" ><div class='avia_textblock av_inherit_color'  itemprop=\"text\" ><hr \/>\n<p align=\"center\"><u><strong>La nappe de Dijon Sud <\/strong><\/u>(MAJ des donn\u00e9es le 27 juillet 2025)<\/p>\n<p align=\"center\"><img loading=\"lazy\" decoding=\"async\" class=\"aligncenter wp-image-6497 size-full\" src=\"https:\/\/bassinvouge.com\/wp-content\/uploads\/2025\/07\/NDS-2000-2025.jpg\" alt=\"\" width=\"979\" height=\"648\" srcset=\"https:\/\/bassinvouge.com\/wp-content\/uploads\/2025\/07\/NDS-2000-2025.jpg 979w, https:\/\/bassinvouge.com\/wp-content\/uploads\/2025\/07\/NDS-2000-2025-300x199.jpg 300w, https:\/\/bassinvouge.com\/wp-content\/uploads\/2025\/07\/NDS-2000-2025-768x508.jpg 768w, https:\/\/bassinvouge.com\/wp-content\/uploads\/2025\/07\/NDS-2000-2025-705x467.jpg 705w\" sizes=\"auto, (max-width: 979px) 100vw, 979px\" \/><\/p>\n<p style=\"text-align: center;\" align=\"justify\"><span style=\"text-decoration: underline;\">Situation au Pi\u00e9zom\u00e8tre de Chen\u00f4ve 2000-2025<\/span><\/p>\n<p align=\"justify\">\n<p align=\"justify\">La nappe de Dijon Sud a d\u00e9but\u00e9 sa vidange le 6 avril 2025 et se monte \u00e0 0.67m. La situation pi\u00e9zom\u00e9trique qui \u00e9tait en d\u00e9but d&rsquo;ann\u00e9e est d\u00e9sormais dans la moyenne (au 27 juillet).<\/p>\n<p align=\"justify\">\n<hr \/>\n<p align=\"justify\">\n<p align=\"justify\">\n<p align=\"justify\">\n<\/div><\/section><\/div>\n<style type=\"text\/css\" data-created_by=\"avia_inline_auto\" id=\"style-css-av-709nbq-4-7251bcb3012c7da3369eaab49ab0aed0\">\n.flex_column.av-709nbq-4-7251bcb3012c7da3369eaab49ab0aed0{\nborder-radius:0px 0px 0px 0px;\npadding:0px 0px 0px 0px;\n}\n<\/style>\n<div  class='flex_column av-709nbq-4-7251bcb3012c7da3369eaab49ab0aed0 av_one_full  avia-builder-el-7  el_after_av_one_half  el_before_av_one_full  first flex_column_div av-zero-column-padding  column-top-margin'     ><style type=\"text\/css\" data-created_by=\"avia_inline_auto\" id=\"style-css-av-5ohtqu-2-ee513c7513a567fab3af09f72da505d8\">\n#top .av_textblock_section.av-5ohtqu-2-ee513c7513a567fab3af09f72da505d8 .avia_textblock{\ncolor:#000000;\n}\n<\/style>\n<section  class='av_textblock_section av-5ohtqu-2-ee513c7513a567fab3af09f72da505d8 '   itemscope=\"itemscope\" itemtype=\"https:\/\/schema.org\/CreativeWork\" ><div class='avia_textblock av_inherit_color'  itemprop=\"text\" ><h2 style=\"text-align: center;\"><strong>Les d\u00e9bits des cours d&rsquo;eau<\/strong><\/h2>\n<h2 style=\"text-align: center;\"><\/h2>\n<p style=\"text-align: center;\"><strong>\u00a0VCN3 = les d\u00e9bits sont calcul\u00e9s \u00e0 partir de <span class=\"d2edcug0 hpfvmrgz qv66sw1b c1et5uql lr9zc1uh a8c37x1j fe6kdd0r mau55g9w c8b282yb keod5gw0 nxhoafnm aigsh9s9 d3f4x2em iv3no6db jq4qci2q a3bd9o3v b1v8xokw oo9gr5id hzawbc8m\" dir=\"auto\">la plus basse moyenne des d\u00e9bits sur trois jours cons\u00e9cutifs, durant les 14 derniers jours.<\/span><\/strong><\/p>\n<p>Les d\u00e9bits des stations en temps r\u00e9el sont accessibles sur <a href=\"https:\/\/www.hydro.eaufrance.fr\/\">https:\/\/www.hydro.eaufrance.fr\/\u00a0<\/a><\/p>\n<p style=\"text-align: center;\">\n<hr \/>\n<p align=\"justify\">\n<\/div><\/section><\/div>\n<style type=\"text\/css\" data-created_by=\"avia_inline_auto\" id=\"style-css-av-348ppg-0b1fd678d937642ac153292faa8fb38a\">\n.flex_column.av-348ppg-0b1fd678d937642ac153292faa8fb38a{\nborder-radius:0px 0px 0px 0px;\npadding:0px 0px 0px 0px;\n}\n<\/style>\n<div  class='flex_column av-348ppg-0b1fd678d937642ac153292faa8fb38a av_one_full  avia-builder-el-9  el_after_av_one_full  el_before_av_one_half  first flex_column_div av-zero-column-padding  column-top-margin'     ><style type=\"text\/css\" data-created_by=\"avia_inline_auto\" id=\"style-css-av-lgp62mk4-e7b75b151792a84989f6a6896f3bbcae\">\n#top .av_textblock_section.av-lgp62mk4-e7b75b151792a84989f6a6896f3bbcae .avia_textblock{\ncolor:#000000;\n}\n<\/style>\n<section  class='av_textblock_section av-lgp62mk4-e7b75b151792a84989f6a6896f3bbcae '   itemscope=\"itemscope\" itemtype=\"https:\/\/schema.org\/CreativeWork\" ><div class='avia_textblock av_inherit_color'  itemprop=\"text\" ><h2 style=\"text-align: center;\"><strong>Le suivi des d\u00e9bits et des assecs sur le bassin de la Vouge <\/strong><\/h2>\n<p>Dix rivi\u00e8res, en t\u00eate de bassin ou de plus petites tailles, sont observ\u00e9es <a href=\"..\/wp-content\/uploads\/2023\/04\/ONDE_SBV-202304.pdf\" target=\"_blank\" rel=\"noopener\">mensuellement<\/a> afin de compl\u00e9ter les donn\u00e9es des stations hydrom\u00e9triques. Voici le r\u00e9sultat des derni\u00e8res campagnes :<\/p>\n<p><img loading=\"lazy\" decoding=\"async\" class=\"wp-image-5892 aligncenter\" src=\"https:\/\/bassinvouge.com\/wp-content\/uploads\/2023\/04\/Onde-Logos.jpg\" alt=\"\" width=\"437\" height=\"400\" srcset=\"https:\/\/bassinvouge.com\/wp-content\/uploads\/2023\/04\/Onde-Logos.jpg 481w, https:\/\/bassinvouge.com\/wp-content\/uploads\/2023\/04\/Onde-Logos-300x274.jpg 300w\" sizes=\"auto, (max-width: 437px) 100vw, 437px\" \/><\/p>\n<p style=\"text-align: center;\"><strong>\u00a0<\/strong><\/p>\n<p><img loading=\"lazy\" decoding=\"async\" class=\"aligncenter wp-image-6498 size-full\" src=\"..\/wp-content\/uploads\/2025\/07\/ONDE-juillet-2025.jpg\" alt=\"\" width=\"665\" height=\"881\" srcset=\"https:\/\/bassinvouge.com\/wp-content\/uploads\/2025\/07\/ONDE-juillet-2025.jpg 665w, https:\/\/bassinvouge.com\/wp-content\/uploads\/2025\/07\/ONDE-juillet-2025-226x300.jpg 226w, https:\/\/bassinvouge.com\/wp-content\/uploads\/2025\/07\/ONDE-juillet-2025-532x705.jpg 532w\" sizes=\"auto, (max-width: 665px) 100vw, 665px\" \/><\/p>\n<p style=\"text-align: center;\"><strong><img loading=\"lazy\" decoding=\"async\" class=\"aligncenter wp-image-6499 size-full\" src=\"..\/wp-content\/uploads\/2025\/07\/Indice-ONDE-2025.jpg\" alt=\"\" width=\"435\" height=\"173\" srcset=\"https:\/\/bassinvouge.com\/wp-content\/uploads\/2025\/07\/Indice-ONDE-2025.jpg 435w, https:\/\/bassinvouge.com\/wp-content\/uploads\/2025\/07\/Indice-ONDE-2025-300x119.jpg 300w\" sizes=\"auto, (max-width: 435px) 100vw, 435px\" \/>\u00a0<\/strong><\/p>\n<p style=\"text-align: center;\">\u00a0<\/p>\n<hr \/>\n<p align=\"justify\">\u00a0<\/p>\n<\/div><\/section><\/div>\n<style type=\"text\/css\" data-created_by=\"avia_inline_auto\" id=\"style-css-av-709nbq-8-d1e7208ba2840858a6702ef77da09080\">\n.flex_column.av-709nbq-8-d1e7208ba2840858a6702ef77da09080{\nborder-radius:0px 0px 0px 0px;\npadding:0px 0px 0px 0px;\n}\n<\/style>\n<div  class='flex_column av-709nbq-8-d1e7208ba2840858a6702ef77da09080 av_one_half  avia-builder-el-11  el_after_av_one_full  el_before_av_one_half  first flex_column_div av-zero-column-padding  column-top-margin'     ><style type=\"text\/css\" data-created_by=\"avia_inline_auto\" id=\"style-css-av-5ohtqu-7-13e9e8647b5fbc1784b6e76d4898d820\">\n#top .av_textblock_section.av-5ohtqu-7-13e9e8647b5fbc1784b6e76d4898d820 .avia_textblock{\ncolor:#000000;\n}\n<\/style>\n<section  class='av_textblock_section av-5ohtqu-7-13e9e8647b5fbc1784b6e76d4898d820 '   itemscope=\"itemscope\" itemtype=\"https:\/\/schema.org\/CreativeWork\" ><div class='avia_textblock av_inherit_color'  itemprop=\"text\" ><p style=\"text-align: center;\"><span style=\"text-decoration: underline;\"><strong>La climatologie<\/strong><\/span> (donn&eacute;es issues de M&eacute;t&eacute;o France)<\/p>\n<p style=\"text-align: center;\">&nbsp;<\/p>\n<p>La pluviom&eacute;trie des sept premiers mois de l&rsquo;ann&eacute;e 2025 est,&nbsp;au 27 juillet, l&eacute;g&egrave;rement d&eacute;ficitaire = -11%.<\/p>\n<p>On note surtout un exc&eacute;dent sur juin et juillet qui ne permet toutefois pas de compenser le d&eacute;ficit constat&eacute; au cours des 7 mois pr&eacute;c&eacute;dents (novembre 2024 &#8211; mai 2025) et les temp&eacute;ratures (voir par-ailleurs) bien au del&agrave; des normales. <img loading=\"lazy\" decoding=\"async\" class=\"aligncenter wp-image-6507 size-full\" src=\"..\/wp-content\/uploads\/2025\/07\/Cumul-70-2025.jpg\" alt=\"\" width=\"978\" height=\"639\" srcset=\"https:\/\/bassinvouge.com\/wp-content\/uploads\/2025\/07\/Cumul-70-2025.jpg 978w, https:\/\/bassinvouge.com\/wp-content\/uploads\/2025\/07\/Cumul-70-2025-300x196.jpg 300w, https:\/\/bassinvouge.com\/wp-content\/uploads\/2025\/07\/Cumul-70-2025-768x502.jpg 768w, https:\/\/bassinvouge.com\/wp-content\/uploads\/2025\/07\/Cumul-70-2025-705x461.jpg 705w\" sizes=\"auto, (max-width: 978px) 100vw, 978px\" \/><\/p>\n<p style=\"text-align: center;\"><img loading=\"lazy\" decoding=\"async\" class=\"aligncenter wp-image-6508 size-full\" src=\"..\/wp-content\/uploads\/2025\/07\/Anomalies-Pluies-70-2025.jpg\" alt=\"\" width=\"863\" height=\"620\" srcset=\"https:\/\/bassinvouge.com\/wp-content\/uploads\/2025\/07\/Anomalies-Pluies-70-2025.jpg 863w, https:\/\/bassinvouge.com\/wp-content\/uploads\/2025\/07\/Anomalies-Pluies-70-2025-300x216.jpg 300w, https:\/\/bassinvouge.com\/wp-content\/uploads\/2025\/07\/Anomalies-Pluies-70-2025-768x552.jpg 768w, https:\/\/bassinvouge.com\/wp-content\/uploads\/2025\/07\/Anomalies-Pluies-70-2025-705x506.jpg 705w\" sizes=\"auto, (max-width: 863px) 100vw, 863px\" \/><\/p>\n<\/div><\/section><\/div>\n<style type=\"text\/css\" data-created_by=\"avia_inline_auto\" id=\"style-css-av-2sf1ms-487fe1249790f4d19bb9f989255739d4\">\n.flex_column.av-2sf1ms-487fe1249790f4d19bb9f989255739d4{\nborder-radius:0px 0px 0px 0px;\npadding:0px 0px 0px 0px;\n}\n<\/style>\n<div  class='flex_column av-2sf1ms-487fe1249790f4d19bb9f989255739d4 av_one_half  avia-builder-el-13  el_after_av_one_half  avia-builder-el-last  flex_column_div av-zero-column-padding  column-top-margin'     ><style type=\"text\/css\" data-created_by=\"avia_inline_auto\" id=\"style-css-av-l5jlp2ke-f915a7a331af4813a3cdb865cc6d146a\">\n#top .av_textblock_section.av-l5jlp2ke-f915a7a331af4813a3cdb865cc6d146a .avia_textblock{\ncolor:#000000;\n}\n<\/style>\n<section  class='av_textblock_section av-l5jlp2ke-f915a7a331af4813a3cdb865cc6d146a '   itemscope=\"itemscope\" itemtype=\"https:\/\/schema.org\/CreativeWork\" ><div class='avia_textblock av_inherit_color'  itemprop=\"text\" ><p style=\"text-align: center;\"><span style=\"text-decoration: underline;\"><strong>La climatologie<\/strong><\/span> (suite)<\/p>\n<p style=\"text-align: justify;\">Les temp\u00e9ratures sont tr\u00e8s au-del\u00e0 des moyennes depuis plusieurs mois, ce qui entraine des sols secs et une faible recharge des nappes.<\/p>\n<p><img loading=\"lazy\" decoding=\"async\" class=\"aligncenter wp-image-6510 size-full\" src=\"https:\/\/bassinvouge.com\/wp-content\/uploads\/2025\/07\/Anomalie-T\u00b0-Max-sep24-aout25.jpg\" alt=\"\" width=\"936\" height=\"645\" srcset=\"https:\/\/bassinvouge.com\/wp-content\/uploads\/2025\/07\/Anomalie-T\u00b0-Max-sep24-aout25.jpg 936w, https:\/\/bassinvouge.com\/wp-content\/uploads\/2025\/07\/Anomalie-T\u00b0-Max-sep24-aout25-300x207.jpg 300w, https:\/\/bassinvouge.com\/wp-content\/uploads\/2025\/07\/Anomalie-T\u00b0-Max-sep24-aout25-768x529.jpg 768w, https:\/\/bassinvouge.com\/wp-content\/uploads\/2025\/07\/Anomalie-T\u00b0-Max-sep24-aout25-705x486.jpg 705w\" sizes=\"auto, (max-width: 936px) 100vw, 936px\" \/><\/p>\n<p><img loading=\"lazy\" decoding=\"async\" class=\"aligncenter wp-image-6509 size-full\" src=\"https:\/\/bassinvouge.com\/wp-content\/uploads\/2025\/07\/Anomalie-T\u00b0-Min-sep24-aout25.jpg\" alt=\"\" width=\"936\" height=\"645\" srcset=\"https:\/\/bassinvouge.com\/wp-content\/uploads\/2025\/07\/Anomalie-T\u00b0-Min-sep24-aout25.jpg 936w, https:\/\/bassinvouge.com\/wp-content\/uploads\/2025\/07\/Anomalie-T\u00b0-Min-sep24-aout25-300x207.jpg 300w, https:\/\/bassinvouge.com\/wp-content\/uploads\/2025\/07\/Anomalie-T\u00b0-Min-sep24-aout25-768x529.jpg 768w, https:\/\/bassinvouge.com\/wp-content\/uploads\/2025\/07\/Anomalie-T\u00b0-Min-sep24-aout25-705x486.jpg 705w\" sizes=\"auto, (max-width: 936px) 100vw, 936px\" \/><\/p>\n<p style=\"text-align: justify;\">\n<p style=\"text-align: justify;\">\n<p style=\"text-align: center;\">\n<\/div><\/section><\/div><\/div><\/div><\/div><!-- close content main div --><\/div><\/div><div id='after_section_1'  class='main_color av_default_container_wrap container_wrap sidebar_right'  ><div class='container av-section-cont-open' ><div class='template-page content  av-content-small alpha units'><div class='post-entry post-entry-type-page post-entry-3556'><div class='entry-content-wrapper clearfix'>\n<style type=\"text\/css\" data-created_by=\"avia_inline_auto\" id=\"style-css-av-l5jp94bs-c603156a5bcb7567820ba36d765ed2c1\">\n#top .av_textblock_section.av-l5jp94bs-c603156a5bcb7567820ba36d765ed2c1 .avia_textblock{\ncolor:#000000;\n}\n<\/style>\n<section  class='av_textblock_section av-l5jp94bs-c603156a5bcb7567820ba36d765ed2c1 '   itemscope=\"itemscope\" itemtype=\"https:\/\/schema.org\/CreativeWork\" ><div class='avia_textblock av_inherit_color'  itemprop=\"text\" ><p style=\"text-align: center;\"><strong>Les seuils de restriction de l&rsquo;usage de l&rsquo;eau<\/strong><\/p>\n<p style=\"text-align: center;\">\n<hr \/>\n<p align=\"justify\">\n<\/div><\/section><\/p>\n","protected":false},"excerpt":{"rendered":"<p>This is a Page excerpt. It will be displayed for search results<\/p>\n","protected":false},"author":1,"featured_media":0,"parent":0,"menu_order":0,"comment_status":"open","ping_status":"open","template":"","meta":{"_seopress_robots_primary_cat":"","_seopress_titles_title":"","_seopress_titles_desc":"","_seopress_robots_index":"","_seopress_analysis_target_kw":"","_exactmetrics_skip_tracking":false,"_exactmetrics_sitenote_active":false,"_exactmetrics_sitenote_note":"","_exactmetrics_sitenote_category":0,"footnotes":""},"class_list":["post-3556","page","type-page","status-publish","hentry"],"_links":{"self":[{"href":"https:\/\/bassinvouge.com\/index.php?rest_route=\/wp\/v2\/pages\/3556","targetHints":{"allow":["GET"]}}],"collection":[{"href":"https:\/\/bassinvouge.com\/index.php?rest_route=\/wp\/v2\/pages"}],"about":[{"href":"https:\/\/bassinvouge.com\/index.php?rest_route=\/wp\/v2\/types\/page"}],"author":[{"embeddable":true,"href":"https:\/\/bassinvouge.com\/index.php?rest_route=\/wp\/v2\/users\/1"}],"replies":[{"embeddable":true,"href":"https:\/\/bassinvouge.com\/index.php?rest_route=%2Fwp%2Fv2%2Fcomments&post=3556"}],"version-history":[{"count":0,"href":"https:\/\/bassinvouge.com\/index.php?rest_route=\/wp\/v2\/pages\/3556\/revisions"}],"wp:attachment":[{"href":"https:\/\/bassinvouge.com\/index.php?rest_route=%2Fwp%2Fv2%2Fmedia&parent=3556"}],"curies":[{"name":"wp","href":"https:\/\/api.w.org\/{rel}","templated":true}]}}