{"id":3489,"date":"2019-01-09T16:31:19","date_gmt":"2019-01-09T15:31:19","guid":{"rendered":"https:\/\/bassinvouge.com\/wordvouge\/?page_id=3489"},"modified":"2025-11-03T18:00:02","modified_gmt":"2025-11-03T17:00:02","slug":"infeau","status":"publish","type":"page","link":"https:\/\/bassinvouge.com\/?page_id=3489","title":{"rendered":"Inf&rsquo;eau (MAJ 3 novembre 2025)"},"content":{"rendered":"<div id='full_slider_1'  class='avia-fullwidth-slider main_color avia-shadow   avia-builder-el-0  el_before_av_heading  avia-builder-el-first   container_wrap sidebar_right'  ><div  class='avia-slideshow av-mi5gbk-dceb91396e28c7edb088e49511025222 avia-slideshow-featured av_slideshow_full avia-slide-slider av-slideshow-ui av-control-default av-slideshow-manual av-loop-once av-loop-manual-endless av-default-height-applied   avia-slideshow-1' data-slideshow-options=\"{&quot;animation&quot;:&quot;slide&quot;,&quot;autoplay&quot;:false,&quot;loop_autoplay&quot;:&quot;once&quot;,&quot;interval&quot;:5,&quot;loop_manual&quot;:&quot;manual-endless&quot;,&quot;autoplay_stopper&quot;:false,&quot;noNavigation&quot;:false,&quot;bg_slider&quot;:false,&quot;keep_padding&quot;:false,&quot;hoverpause&quot;:false,&quot;show_slide_delay&quot;:0}\"  itemprop=\"image\" itemscope=\"itemscope\" itemtype=\"https:\/\/schema.org\/ImageObject\" ><ul class='avia-slideshow-inner ' style='padding-bottom: 28.666666666667%;'><li  class='avia-slideshow-slide av-mi5gbk-dceb91396e28c7edb088e49511025222__0  av-single-slide slide-1 slide-odd'><div data-rel='slideshow-1' class='avia-slide-wrap '   ><div class='av-slideshow-caption av-mi5gbk-dceb91396e28c7edb088e49511025222__0 caption_fullwidth caption_center caption_center_framed caption_framed'><div class=\"container caption_container\"><div class=\"slideshow_caption\"><div class=\"slideshow_inner_caption\"><div class=\"slideshow_align_caption\"><h2 class='avia-caption-title '  itemprop=\"name\" >Syndicat du Bassin de la Vouge<\/h2><\/div><\/div><\/div><\/div><\/div><img decoding=\"async\" fetchpriority=\"high\" class=\"wp-image-3326 avia-img-lazy-loading-not-3326\"  src=\"https:\/\/bassinvouge.com\/wp-content\/uploads\/2017\/12\/fond-1-1500x430.jpg\" width=\"1500\" height=\"430\" title='fond' alt=''  itemprop=\"thumbnailUrl\"   \/><\/div><\/li><\/ul><\/div><\/div><div id='after_full_slider_1'  class='main_color av_default_container_wrap container_wrap sidebar_right'  ><div class='container av-section-cont-open' ><div class='template-page content  av-content-small alpha units'><div class='post-entry post-entry-type-page post-entry-3489'><div class='entry-content-wrapper clearfix'>\n\n<style type=\"text\/css\" data-created_by=\"avia_inline_auto\" id=\"style-css-av-2kj9j5-f2ca3bb5ab13b54cb19f36dc4206af48\">\n#top .av-special-heading.av-2kj9j5-f2ca3bb5ab13b54cb19f36dc4206af48{\npadding-bottom:10px;\ncolor:#000000;\n}\nbody .av-special-heading.av-2kj9j5-f2ca3bb5ab13b54cb19f36dc4206af48 .av-special-heading-tag .heading-char{\nfont-size:25px;\n}\n.av-special-heading.av-2kj9j5-f2ca3bb5ab13b54cb19f36dc4206af48 .special-heading-inner-border{\nborder-color:#000000;\n}\n.av-special-heading.av-2kj9j5-f2ca3bb5ab13b54cb19f36dc4206af48 .av-subheading{\nfont-size:15px;\n}\n<\/style>\n<div  class='av-special-heading av-2kj9j5-f2ca3bb5ab13b54cb19f36dc4206af48 av-special-heading-h1 custom-color-heading blockquote modern-quote modern-centered  avia-builder-el-1  el_after_av_slideshow_full  el_before_av_section  avia-builder-el-no-sibling  av-linked-heading'><h1 class='av-special-heading-tag '  itemprop=\"headline\"  >Inf\u2019eau<\/h1><div class=\"special-heading-border\"><div class=\"special-heading-inner-border\"><\/div><\/div><\/div>\n<\/div><\/div><\/div><!-- close content main div --><\/div><\/div><div id='av_section_1'  class='avia-section av-hxht9c-f6402ffb4dd8806493b2a9ddfe6af34c main_color avia-section-default avia-no-shadow  avia-builder-el-2  el_after_av_heading  avia-builder-el-last  avia-bg-style-scroll container_wrap sidebar_right'  ><div class='container av-section-cont-open' ><div class='template-page content  av-content-small alpha units'><div class='post-entry post-entry-type-page post-entry-3489'><div class='entry-content-wrapper clearfix'>\n\n<style type=\"text\/css\" data-created_by=\"avia_inline_auto\" id=\"style-css-av-e5m1v4-d6a3a5fd07eba1a59422d2c57ef016f2\">\n.flex_column.av-e5m1v4-d6a3a5fd07eba1a59422d2c57ef016f2{\nborder-radius:0px 0px 0px 0px;\npadding:0px 0px 0px 0px;\n}\n<\/style>\n<div  class='flex_column av-e5m1v4-d6a3a5fd07eba1a59422d2c57ef016f2 av_one_full  avia-builder-el-3  avia-builder-el-no-sibling  first flex_column_div av-zero-column-padding  '     ><style type=\"text\/css\" data-created_by=\"avia_inline_auto\" id=\"style-css-av-cw9900-41ef6b2d4e43f0ab260afec9b84d9167\">\n#top .av_textblock_section.av-cw9900-41ef6b2d4e43f0ab260afec9b84d9167 .avia_textblock{\ncolor:#000000;\n}\n<\/style>\n<section  class='av_textblock_section av-cw9900-41ef6b2d4e43f0ab260afec9b84d9167 '   itemscope=\"itemscope\" itemtype=\"https:\/\/schema.org\/CreativeWork\" ><div class='avia_textblock av_inherit_color'  itemprop=\"text\" ><p class=\"gras\">Afin de sensibiliser le plus grand nombre, la lettre d\u2019infeau du bassin est publi\u00e9e r\u00e9guli\u00e8rement.<\/p>\n<p>Voici les plus r\u00e9centes :<\/p>\n<ul>\n<li><a href=\"https:\/\/bassinvouge.com\/wp-content\/uploads\/2025\/11\/LettreVouge62.pdf\" target=\"_blank\" rel=\"noopener\">Lettre n\u00b062 &#8211; Novembre 2025<\/a> &#8211;\u00a0<strong>\u00c0 la une<\/strong> : Le Changement Climatique (1950-2025)<\/li>\n<li><a href=\"https:\/\/bassinvouge.com\/wp-content\/uploads\/2025\/07\/LettreVouge61.pdf\" target=\"_blank\" rel=\"noopener\">Lettre n\u00b061 &#8211; Juillet 2025<\/a> &#8211; Sp\u00e9cial Travaux de restauration morphologique de la Vouge<\/li>\n<li><a href=\"https:\/\/bassinvouge.com\/wp-content\/uploads\/2025\/06\/LettreVouge60.pdf\" target=\"_blank\" rel=\"noopener\">Lettre n\u00b060 &#8211; Juin 2025<\/a> &#8211; <strong>\u00c0 la une<\/strong> :\u00a0 L\u2019entretien de la ripisylve\u00a0: pourquoi, comment, quel int\u00e9r\u00eat\u00a0?<\/li>\n<\/ul>\n<ul>\n<li><a href=\"https:\/\/bassinvouge.com\/wp-content\/uploads\/2024\/12\/LettreVouge59.pdf\" target=\"_blank\" rel=\"noopener\">Lettre n\u00b059 &#8211; D\u00e9cembre 2024<\/a> &#8211; <strong>\u00c0 la une<\/strong> : \u00c9tude prospective : une strat\u00e9gie commune ! Des plans d\u2019actions diff\u00e9renci\u00e9s\u00a0!<\/li>\n<li><a href=\"https:\/\/bassinvouge.com\/wp-content\/uploads\/2024\/07\/LettreVouge58.pdf\" target=\"_blank\" rel=\"noopener\">Lettre n\u00b058 &#8211; Juillet 2024<\/a> &#8211; <strong>\u00c0 la une<\/strong> : La restauration de la Bi\u00e8tre \u00e0 Brazey-en-Plaine. Une inauguration pleine d\u2019espoir.<\/li>\n<li><a href=\"https:\/\/bassinvouge.com\/wp-content\/uploads\/2024\/03\/LettreVouge57.pdf\" target=\"_blank\" rel=\"noopener\">Lettre n\u00b057 &#8211; Mars 2024<\/a> &#8211; <strong>\u00c0 la une<\/strong> : Les travaux de petites diversifications des cours d\u2019eau, quelles r\u00e9ponses !?<\/li>\n<\/ul>\n<ul>\n<li><a href=\"https:\/\/bassinvouge.com\/wp-content\/uploads\/2023\/12\/LettreVouge56.pdf\" target=\"_blank\" rel=\"noopener\">Lettre n\u00b056 &#8211; D\u00e9cembre 2023<\/a> &#8211; <strong>\u00c0 la une<\/strong> : \u00c9tude prospective Tille, Vouge, Ouche et Nappe de Dijon Sud, des chiffres et des hommes\u00a0!<\/li>\n<li><span style=\"color: #0000ff;\"><a style=\"color: #0000ff;\" href=\"https:\/\/bassinvouge.com\/wp-content\/uploads\/2023\/10\/LettreVouge55.pdf\" target=\"_blank\" rel=\"noopener\"><span style=\"color: #000000;\">Lettre n\u00b055 &#8211; Octobre 2023<\/span><\/a><\/span> &#8211; <strong>\u00c0 la une<\/strong> : Les Zones Humides : zones de vie \u00e0 prot\u00e9ger<\/li>\n<li><span style=\"color: #000000;\"><a style=\"color: #000000;\" href=\"https:\/\/bassinvouge.com\/wp-content\/uploads\/2023\/07\/LettreVouge54.pdf\" target=\"_blank\" rel=\"noopener\">Lettre n\u00b054 &#8211; Juillet 2023<\/a> <\/span>&#8211; <strong>\u00c0 la une<\/strong> : \u00c9tude prospective sur les effets du changement climatique sur les bassins Ouche, Tille, Vouge et de la nappe de Dijon Sud en 2050<\/li>\n<li><a href=\"https:\/\/bassinvouge.com\/wp-content\/uploads\/2023\/04\/LettreVouge53.pdf\" target=\"_blank\" rel=\"noopener\">Lettre n\u00b053 &#8211; Avril 2023<\/a> &#8211; <strong>\u00c0 la une<\/strong> : Actions \u00ab sans regret \u00bb ou mal adaptation ?<\/li>\n<\/ul>\n<ul>\n<li><a href=\"https:\/\/bassinvouge.com\/wp-content\/uploads\/2022\/12\/LettreVouge52.pdf\" target=\"_blank\" rel=\"noopener\">Lettre n\u00b052 &#8211; D\u00e9cembre 2022<\/a> &#8211; Les travaux de restauration morphologique de la Cent Fonts entre F\u00e9nay et Saulon-la-Rue (en images) !<\/li>\n<li><a href=\"..\/wp-content\/uploads\/2022\/09\/LettreVouge51.pdf\" target=\"_blank\" rel=\"noopener\">Lettre n\u00b051 &#8211; Septembre 2022<\/a> &#8211; Rien de neuf (sous le soleil ardent) !<\/li>\n<li><a href=\"..\/wp-content\/uploads\/2022\/03\/LettreVouge50.pdf\" target=\"_blank\" rel=\"noopener\">Lettre n\u00b050 &#8211; Mars 2022<\/a> &#8211; Un contrat pour la Vouge et un pour la nappe de Dijon<\/li>\n<\/ul>\n<ul>\n<li><a href=\"..\/wp-content\/uploads\/2022\/03\/LettreVouge49.pdf\" target=\"_blank\" rel=\"noopener\">Lettre n\u00b049 &#8211; D\u00e9cembre 2020<\/a> &#8211; SI VIS PACEM, PARA BELLUM ?<\/li>\n<li><a href=\"..\/wp-content\/uploads\/2020\/08\/LettreVouge48.pdf\" target=\"_blank\" rel=\"noopener\">Lettre n\u00b048 &#8211; Ao\u00fbt 2020<\/a> &#8211; R\u00e9action ou d\u00e9fection ?<\/li>\n<li><a href=\"..\/wp-content\/uploads\/2020\/04\/LettreVouge47.pdf\" target=\"_blank\" rel=\"noopener\">Lettre n\u00b047 &#8211; Avril 2020<\/a> &#8211; Canicule 19, Covid 19 \u2026. et demain \u2026.S\u00e9cheresses 20, 21, 22, etc\u2026..<br \/>\n<hr \/>\n<\/li>\n<li><a href=\"..\/wp-content\/uploads\/2019\/12\/LettreVouge46.pdf\" target=\"_blank\" rel=\"noopener\">Lettre n\u00b046 &#8211; D\u00e9cembre 2019<\/a> &#8211; La continuit\u00e9 \u00e9cologique de la Cent Fonts Acte III.<\/li>\n<li><a href=\"..\/wp-content\/uploads\/2019\/09\/LettreVouge45.pdf\" target=\"_blank\" rel=\"noopener\">Lettre n\u00b045 &#8211; Septembre 2019<\/a> &#8211; L&rsquo;eau fait partie du patrimoine commun de la nation.<\/li>\n<li><a href=\"..\/wp-content\/uploads\/2019\/05\/LettreVouge44.pdf\" target=\"_blank\" rel=\"noopener\">Lettre n\u00b044 &#8211; Mai 2019<\/a> &#8211; Un nouveau conseil : un \u00e9lan renouvel\u00e9 !<br \/>\n<hr \/>\n<\/li>\n<\/ul>\n<ul>\n<li><a href=\"..\/wp-content\/uploads\/2019\/04\/LettreVouge43.pdf\" target=\"_blank\" rel=\"noopener\">Lettre n\u00b043 &#8211; D\u00e9cembre 2018<\/a> &#8211; <span style=\"color: #ff0000;\">Sp\u00e9cial<\/span> &#8211; La restauration morphologique de la Vouge : une id\u00e9e devenue r\u00e9alit\u00e9<\/li>\n<li>\n<div align=\"justify\"><a href=\"https:\/\/bassinvouge.com\/bibliotheque\/LettreVouge42.pdf\" target=\"_blank\" rel=\"noopener\">Lettre n\u00b042 &#8211; juillet 2018<\/a> &#8211; A la Une : La restauration de la morphologie de la Vouge &#8211; Une id\u00e9e bient\u00f4t devenue r\u00e9alit\u00e9 !<\/div>\n<\/li>\n<li><a href=\"https:\/\/bassinvouge.com\/bibliotheque\/LettreVouge41.pdf\" target=\"_blank\" rel=\"noopener\">Lettre n\u00b041 &#8211; janvier 2018<\/a> &#8211; A la Une : 2017 : Une premi\u00e8re pour la nappe de Dijon Sud !<br \/>\n<hr \/>\n<\/li>\n<\/ul>\n<ul>\n<li><a href=\"https:\/\/bassinvouge.com\/bibliotheque\/LettreVouge40.pdf\" target=\"_blank\" rel=\"noopener\">Lettre n\u00b040 &#8211; ao\u00fbt 2017<\/a> &#8211; A la Une : La concertation avant des travaux sur la Vouge et la Varaude<\/li>\n<li><a href=\"https:\/\/bassinvouge.com\/bibliotheque\/LettreVouge39.pdf\" target=\"_blank\" rel=\"noopener\">Lettre n\u00b039 &#8211; avril 2017<\/a> &#8211; A la Une : Contrat de travaux Vouge 2017-2018, De nouvelles perspectives pour le SBV<br \/>\n<hr \/>\n<\/li>\n<li><a href=\"https:\/\/bassinvouge.com\/bibliotheque\/LettreVouge38.pdf\" target=\"_blank\" rel=\"noopener\">Lettre n\u00b038 &#8211; novembre 2016<\/a> &#8211; A la Une : La restauration physique de la Vouge et de la Varaude : des projets concert\u00e9s et concrets<\/li>\n<li>\n<div align=\"justify\"><a href=\"https:\/\/bassinvouge.com\/bibliotheque\/LettreVouge37.pdf\" target=\"_blank\" rel=\"noopener\">Lettre n\u00b037 &#8211; ao\u00fbt 2016<\/a> &#8211; A la Une : Le Bilan du Contrat de Bassin Vouge<\/div>\n<\/li>\n<li>\n<div align=\"justify\"><a href=\"https:\/\/bassinvouge.com\/bibliotheque\/LettreVouge36.pdf\" target=\"_blank\" rel=\"noopener\">Lettre n\u00b036 &#8211; avril 2016<\/a> &#8211; A la Une : Les Zones Humides : la vie !<\/div>\n<\/li>\n<li>\n<div align=\"justify\"><a href=\"https:\/\/bassinvouge.com\/bibliotheque\/LettreVouge35.pdf\" target=\"_blank\" rel=\"noopener\">Lettre n\u00b035 &#8211; novembre 2015<\/a> &#8211; A la Une : La GEMAPI : la loi de demain ?<\/div>\n<\/li>\n<li>\n<div align=\"justify\"><a href=\"https:\/\/bassinvouge.com\/bibliotheque\/LettreSAGE34.pdf\" target=\"_blank\" rel=\"noopener\">Lettre n\u00b034 &#8211; juillet 2013<\/a> &#8211; A la Une : SPECIAL INONDATIONS<\/div>\n<\/li>\n<\/ul>\n<\/div><\/section><\/div><\/div><\/div><\/div><!-- close content main div --><\/div><\/div><div id='after_section_1'  class='main_color av_default_container_wrap container_wrap sidebar_right'  ><div class='container av-section-cont-open' ><div class='template-page content  av-content-small alpha units'><div class='post-entry post-entry-type-page post-entry-3489'><div class='entry-content-wrapper clearfix'>\n","protected":false},"excerpt":{"rendered":"<p>This is a Page excerpt. It will be displayed for search results<\/p>\n","protected":false},"author":1,"featured_media":0,"parent":0,"menu_order":0,"comment_status":"open","ping_status":"open","template":"","meta":{"_seopress_robots_primary_cat":"","_seopress_titles_title":"","_seopress_titles_desc":"","_seopress_robots_index":"","_exactmetrics_skip_tracking":false,"_exactmetrics_sitenote_active":false,"_exactmetrics_sitenote_note":"","_exactmetrics_sitenote_category":0,"footnotes":""},"class_list":["post-3489","page","type-page","status-publish","hentry"],"_links":{"self":[{"href":"https:\/\/bassinvouge.com\/index.php?rest_route=\/wp\/v2\/pages\/3489","targetHints":{"allow":["GET"]}}],"collection":[{"href":"https:\/\/bassinvouge.com\/index.php?rest_route=\/wp\/v2\/pages"}],"about":[{"href":"https:\/\/bassinvouge.com\/index.php?rest_route=\/wp\/v2\/types\/page"}],"author":[{"embeddable":true,"href":"https:\/\/bassinvouge.com\/index.php?rest_route=\/wp\/v2\/users\/1"}],"replies":[{"embeddable":true,"href":"https:\/\/bassinvouge.com\/index.php?rest_route=%2Fwp%2Fv2%2Fcomments&post=3489"}],"version-history":[{"count":2,"href":"https:\/\/bassinvouge.com\/index.php?rest_route=\/wp\/v2\/pages\/3489\/revisions"}],"predecessor-version":[{"id":6542,"href":"https:\/\/bassinvouge.com\/index.php?rest_route=\/wp\/v2\/pages\/3489\/revisions\/6542"}],"wp:attachment":[{"href":"https:\/\/bassinvouge.com\/index.php?rest_route=%2Fwp%2Fv2%2Fmedia&parent=3489"}],"curies":[{"name":"wp","href":"https:\/\/api.w.org\/{rel}","templated":true}]}}