{"id":3370,"date":"2017-12-01T13:34:20","date_gmt":"2017-12-01T12:34:20","guid":{"rendered":"https:\/\/bassinvouge.com\/wordvouge\/?page_id=3370"},"modified":"2023-03-08T15:15:47","modified_gmt":"2023-03-08T14:15:47","slug":"financement","status":"publish","type":"page","link":"https:\/\/bassinvouge.com\/?page_id=3370","title":{"rendered":"Financement"},"content":{"rendered":"<div id='full_slider_1'  class='avia-fullwidth-slider main_color avia-shadow   avia-builder-el-0  el_before_av_heading  avia-builder-el-first   container_wrap sidebar_right'  ><div  class='avia-slideshow av-f45md6-45867a1832c7c07b081a5c551bd15c93 avia-slideshow-featured av_slideshow_full avia-slide-slider av-slideshow-ui av-control-default av-slideshow-manual av-loop-once av-loop-manual-endless av-default-height-applied   avia-slideshow-1' data-slideshow-options=\"{&quot;animation&quot;:&quot;slide&quot;,&quot;autoplay&quot;:false,&quot;loop_autoplay&quot;:&quot;once&quot;,&quot;interval&quot;:5,&quot;loop_manual&quot;:&quot;manual-endless&quot;,&quot;autoplay_stopper&quot;:false,&quot;noNavigation&quot;:false,&quot;bg_slider&quot;:false,&quot;keep_padding&quot;:false,&quot;hoverpause&quot;:false,&quot;show_slide_delay&quot;:0}\"  itemprop=\"image\" itemscope=\"itemscope\" itemtype=\"https:\/\/schema.org\/ImageObject\" ><ul class='avia-slideshow-inner ' style='padding-bottom: 28.666666666667%;'><li  class='avia-slideshow-slide av-f45md6-45867a1832c7c07b081a5c551bd15c93__0  av-single-slide slide-1 slide-odd'><div data-rel='slideshow-1' class='avia-slide-wrap '   ><div class='av-slideshow-caption av-f45md6-45867a1832c7c07b081a5c551bd15c93__0 caption_fullwidth caption_center caption_center_framed caption_framed'><div class=\"container caption_container\"><div class=\"slideshow_caption\"><div class=\"slideshow_inner_caption\"><div class=\"slideshow_align_caption\"><h2 class='avia-caption-title '  itemprop=\"name\" >Syndicat du Bassin de la Vouge<\/h2><\/div><\/div><\/div><\/div><\/div><img decoding=\"async\" fetchpriority=\"high\" class=\"wp-image-3326 avia-img-lazy-loading-not-3326\"  src=\"https:\/\/bassinvouge.com\/wp-content\/uploads\/2017\/12\/fond-1-1500x430.jpg\" width=\"1500\" height=\"430\" title='fond' alt=''  itemprop=\"thumbnailUrl\"   \/><\/div><\/li><\/ul><\/div><\/div><div id='after_full_slider_1'  class='main_color av_default_container_wrap container_wrap sidebar_right'  ><div class='container av-section-cont-open' ><div class='template-page content  av-content-small alpha units'><div class='post-entry post-entry-type-page post-entry-3370'><div class='entry-content-wrapper clearfix'>\n\n<style type=\"text\/css\" data-created_by=\"avia_inline_auto\" id=\"style-css-av-208dpm-7adf3fca049cc573d7254d701e04ded1\">\n#top .av-special-heading.av-208dpm-7adf3fca049cc573d7254d701e04ded1{\npadding-bottom:10px;\ncolor:#000000;\n}\nbody .av-special-heading.av-208dpm-7adf3fca049cc573d7254d701e04ded1 .av-special-heading-tag .heading-char{\nfont-size:25px;\n}\n.av-special-heading.av-208dpm-7adf3fca049cc573d7254d701e04ded1 .special-heading-inner-border{\nborder-color:#000000;\n}\n.av-special-heading.av-208dpm-7adf3fca049cc573d7254d701e04ded1 .av-subheading{\nfont-size:15px;\n}\n<\/style>\n<div  class='av-special-heading av-208dpm-7adf3fca049cc573d7254d701e04ded1 av-special-heading-h1 custom-color-heading blockquote modern-quote modern-centered  avia-builder-el-1  el_after_av_slideshow_full  el_before_av_section  avia-builder-el-no-sibling '><h1 class='av-special-heading-tag '  itemprop=\"headline\"  >Financement (MAJ le 8 mars 2023)<\/h1><div class=\"special-heading-border\"><div class=\"special-heading-inner-border\"><\/div><\/div><\/div>\n<\/div><\/div><\/div><!-- close content main div --><\/div><\/div><div id='av_section_1'  class='avia-section av-alypqy-a52fbf55f63834e5a44bfffb91dbf894 main_color avia-section-default avia-no-shadow  avia-builder-el-2  el_after_av_heading  el_before_av_one_full  avia-bg-style-scroll container_wrap sidebar_right'  ><div class='container av-section-cont-open' ><div class='template-page content  av-content-small alpha units'><div class='post-entry post-entry-type-page post-entry-3370'><div class='entry-content-wrapper clearfix'>\n\n<style type=\"text\/css\" data-created_by=\"avia_inline_auto\" id=\"style-css-av-822giy-2a42717cb1ea81e47e4c95e9c4cbc949\">\n.flex_column.av-822giy-2a42717cb1ea81e47e4c95e9c4cbc949{\nborder-radius:0px 0px 0px 0px;\npadding:0px 0px 0px 0px;\n}\n<\/style>\n<div  class='flex_column av-822giy-2a42717cb1ea81e47e4c95e9c4cbc949 av_one_half  avia-builder-el-3  el_before_av_one_half  avia-builder-el-first  first flex_column_div av-zero-column-padding  '     ><style type=\"text\/css\" data-created_by=\"avia_inline_auto\" id=\"style-css-av-ksj1m-f5a115a5b266c1f737b332572a9d610e\">\n#top .av_textblock_section.av-ksj1m-f5a115a5b266c1f737b332572a9d610e .avia_textblock{\ncolor:#000000;\n}\n<\/style>\n<section  class='av_textblock_section av-ksj1m-f5a115a5b266c1f737b332572a9d610e '   itemscope=\"itemscope\" itemtype=\"https:\/\/schema.org\/CreativeWork\" ><div class='avia_textblock av_inherit_color'  itemprop=\"text\" ><p align=\"justify\">La synth\u00e8se des derniers budgets est la suivante :<\/p>\n<div align=\"justify\">\n<ul>\n<li>En <strong>2015<\/strong> :\n<ul>\n<li>l\u2019appel de cotisation a \u00e9t\u00e9 de 124 818 \u20ac<\/li>\n<li>les\u00a0<span style=\"color: #008000;\"><a style=\"color: #008000;\" href=\"sbv\/CA2015.pdf\" target=\"_blank\" rel=\"noopener\">d\u00e9penses<\/a><\/span> se sont \u00e9lev\u00e9es \u00e0 369 676.77 \u20ac (hors RAR)<\/li>\n<\/ul>\n<\/li>\n<li>En <strong>2016<\/strong> :\n<ul>\n<li>l\u2019appel de cotisation a \u00e9t\u00e9 de 124 818 \u20ac<\/li>\n<li>les\u00a0<span style=\"color: #008000;\"><a style=\"color: #008000;\" href=\"sbv\/CA2016.pdf\" target=\"_blank\" rel=\"noopener\">d\u00e9penses<\/a><\/span> (fonctionnement et investissement cumul\u00e9s) se sont \u00e9lev\u00e9es \u00e0 370 012.26 \u20ac (hors RAR)<\/li>\n<\/ul>\n<\/li>\n<li>En <strong>2017\u00a0:<\/strong>\n<ul>\n<li>l\u2019appel de cotisation a \u00e9t\u00e9 de 126 816 \u20ac<\/li>\n<li>les\u00a0<span style=\"color: #008000;\"><a style=\"color: #008000;\" href=\"sbv\/CA2017_def.pdf\" target=\"_blank\" rel=\"noopener\">d\u00e9penses<\/a><\/span> (fonctionnement et investissement cumul\u00e9s) se sont \u00e9lev\u00e9es \u00e0 379 511.10 \u20ac (hors RAR)<\/li>\n<\/ul>\n<\/li>\n<li>En <strong>2018 :<\/strong>\n<ul>\n<li>l\u2019appel de cotisation a \u00e9t\u00e9 de 128 064 \u20ac<\/li>\n<li>les\u00a0<a href=\"https:\/\/bassinvouge.com\/wp-content\/uploads\/2019\/07\/CA2018_def.pdf\" target=\"_blank\" rel=\"noopener\">d\u00e9penses<\/a> (fonctionnement et investissement cumul\u00e9s) se sont \u00e9lev\u00e9es \u00e0 469 052.80 \u20ac (hors RAR)<\/li>\n<\/ul>\n<\/li>\n<\/ul>\n<\/div>\n<ul>\n<li><strong>En 2019 :<\/strong>\n<ul>\n<li>l\u2019appel de cotisation a \u00e9t\u00e9 de 148 000 \u20ac<\/li>\n<li>les <a href=\"https:\/\/bassinvouge.com\/wp-content\/uploads\/2023\/03\/CA_2019_def.pdf\" target=\"_blank\" rel=\"noopener\">d\u00e9penses <\/a>(fonctionnement et investissement cumul\u00e9s) se sont \u00e9lev\u00e9es \u00e0 613 129.86 \u20ac (hors RAR)<\/li>\n<\/ul>\n<\/li>\n<\/ul>\n<ul>\n<li><strong>En 2020 :<\/strong>\n<ul>\n<li>l\u2019appel de cotisation a \u00e9t\u00e9 de 154 900.09 \u20ac<\/li>\n<li>les <a href=\"https:\/\/bassinvouge.com\/wp-content\/uploads\/2023\/03\/CA_SBV_2020.pdf\" target=\"_blank\" rel=\"noopener\">d\u00e9penses <\/a>(fonctionnement et investissement cumul\u00e9s) se sont \u00e9lev\u00e9es \u00e0 479 762.36 \u20ac (hors RAR)<\/li>\n<\/ul>\n<\/li>\n<\/ul>\n<ul>\n<li><strong>En 2021 :<\/strong>\n<ul>\n<li>l\u2019appel de cotisation a \u00e9t\u00e9 de 157 000.05 \u20ac<\/li>\n<li>les <a href=\"https:\/\/bassinvouge.com\/wp-content\/uploads\/2023\/03\/CA_SBV_07062022.pdf\" target=\"_blank\" rel=\"noopener\">d\u00e9penses <\/a>(fonctionnement et investissement cumul\u00e9s) se sont \u00e9lev\u00e9es \u00e0 429 784.95 \u20ac (hors RAR)<\/li>\n<\/ul>\n<\/li>\n<\/ul>\n<ul>\n<li><strong>En 2022 :<\/strong>\n<ul>\n<li>l\u2019appel de cotisation a \u00e9t\u00e9 de 169 000.04 \u20ac<\/li>\n<li>les <a href=\"https:\/\/bassinvouge.com\/wp-content\/uploads\/2023\/03\/CA_SBV_07062022.pdf\" target=\"_blank\" rel=\"noopener\">d\u00e9penses <\/a>(fonctionnement et investissement cumul\u00e9s) se sont \u00e9lev\u00e9es \u00e0 548 827.63 \u20ac (hors RAR)<\/li>\n<\/ul>\n<\/li>\n<\/ul>\n<ul>\n<li><strong>En 2023 :<\/strong>\n<ul>\n<li>l\u2019appel de cotisation sera de 185 000.06 \u20ac<\/li>\n<li>le budget primitif (fonctionnement et investissement cumul\u00e9s) se monte \u00e0 887 300.14 \u20ac<\/li>\n<\/ul>\n<\/li>\n<\/ul>\n<\/div><\/section><br \/>\n\n<style type=\"text\/css\" data-created_by=\"avia_inline_auto\" id=\"style-css-av-lezrgono-319f30374caffd0dfa5bda74d6a142dd\">\n#top .av_textblock_section.av-lezrgono-319f30374caffd0dfa5bda74d6a142dd .avia_textblock{\ncolor:#000000;\n}\n<\/style>\n<section  class='av_textblock_section av-lezrgono-319f30374caffd0dfa5bda74d6a142dd '   itemscope=\"itemscope\" itemtype=\"https:\/\/schema.org\/CreativeWork\" ><div class='avia_textblock av_inherit_color'  itemprop=\"text\" ><p><strong>Contr\u00f4le de la Chambre R\u00e9gionale BFC<\/strong><\/p>\n<p>Le SBV et la CLE de la Vouge ont, au cours de l&rsquo;ann\u00e9e 2022, \u00e9t\u00e9 audit\u00e9s par la Chambre R\u00e9gionale des Comptes de Bourgogne-Franche-Comt\u00e9. La Chambre n\u2019a \u00e9mis qu\u2019une recommandation : Diligenter une nouvelle \u00e9tude des volumes pr\u00e9levables et engager une concertation sur la r\u00e9partition des usages. Elle a \u00e9galement not\u00e9 que les futurs d\u00e9fis portant sur la gestion quantitative de l\u2019eau ne peuvent \u00eatre efficacement abord\u00e9s qu\u2019\u00e0 un niveau sup\u00e9rieur \u00e0 celui du seul bassin de la Vouge.<\/p>\n<p>Voici le <a href=\"https:\/\/bassinvouge.com\/wp-content\/uploads\/2023\/03\/Rapport-SBV-20221108.pdf\" target=\"_blank\" rel=\"noopener\">rapport d&rsquo;observations d\u00e9finitives<\/a> re\u00e7u le 9 novembre 2022.<\/p>\n<\/div><\/section><\/p><\/div>\n<style type=\"text\/css\" data-created_by=\"avia_inline_auto\" id=\"style-css-av-822giy-2-a864721d9947e4de1a77acaeb4d50d47\">\n.flex_column.av-822giy-2-a864721d9947e4de1a77acaeb4d50d47{\nborder-radius:0px 0px 0px 0px;\npadding:0px 0px 0px 0px;\n}\n<\/style>\n<div  class='flex_column av-822giy-2-a864721d9947e4de1a77acaeb4d50d47 av_one_half  avia-builder-el-6  el_after_av_one_half  avia-builder-el-last  flex_column_div av-zero-column-padding  '     ><style type=\"text\/css\" data-created_by=\"avia_inline_auto\" id=\"style-css-av-ksj1m-1-d4f09dfded18b7d6cb2a725f91bc5565\">\n#top .av_textblock_section.av-ksj1m-1-d4f09dfded18b7d6cb2a725f91bc5565 .avia_textblock{\ncolor:#000000;\n}\n<\/style>\n<section  class='av_textblock_section av-ksj1m-1-d4f09dfded18b7d6cb2a725f91bc5565 '   itemscope=\"itemscope\" itemtype=\"https:\/\/schema.org\/CreativeWork\" ><div class='avia_textblock av_inherit_color'  itemprop=\"text\" ><p style=\"text-align: justify;\">Le financement du SBV est assur\u00e9 par les cotisations des 13 collectivit\u00e9s adh\u00e9rentes auxquelles s\u2019ajoutent les subventions de l\u2019Agence de l\u2019Eau Rh\u00f4ne M\u00e9diterran\u00e9e &amp; Corse, de la R\u00e9gion Bourgogne-Franche-Comt\u00e9 pour le SBV, auquel s&rsquo;joute des financements du Conseil D\u00e9partemental de C\u00f4te d&rsquo;Or, le SBO, Dijon M\u00e9tropole et la Communaut\u00e9 de Communes de Gevrey-Chambertin &amp; de Nuits-Saint-Georges pour ce qui concerne l&rsquo;InterCLE.<\/p>\n<p align=\"justify\"><img loading=\"lazy\" decoding=\"async\" class=\"aligncenter wp-image-5661 size-full\" src=\"..\/wp-content\/uploads\/2022\/11\/logo_rfae-recadre-scaled.jpg\" alt=\"\" width=\"2560\" height=\"1126\" srcset=\"https:\/\/bassinvouge.com\/wp-content\/uploads\/2022\/11\/logo_rfae-recadre-scaled.jpg 2560w, https:\/\/bassinvouge.com\/wp-content\/uploads\/2022\/11\/logo_rfae-recadre-300x132.jpg 300w, https:\/\/bassinvouge.com\/wp-content\/uploads\/2022\/11\/logo_rfae-recadre-1030x453.jpg 1030w, https:\/\/bassinvouge.com\/wp-content\/uploads\/2022\/11\/logo_rfae-recadre-768x338.jpg 768w, https:\/\/bassinvouge.com\/wp-content\/uploads\/2022\/11\/logo_rfae-recadre-1536x676.jpg 1536w, https:\/\/bassinvouge.com\/wp-content\/uploads\/2022\/11\/logo_rfae-recadre-2048x901.jpg 2048w, https:\/\/bassinvouge.com\/wp-content\/uploads\/2022\/11\/logo_rfae-recadre-1500x660.jpg 1500w, https:\/\/bassinvouge.com\/wp-content\/uploads\/2022\/11\/logo_rfae-recadre-705x310.jpg 705w\" sizes=\"auto, (max-width: 2560px) 100vw, 2560px\" \/> \u00a0\u00a0\u00a0\u00a0\u00a0\u00a0\u00a0\u00a0\u00a0\u00a0\u00a0\u00a0\u00a0\u00a0\u00a0\u00a0\u00a0\u00a0\u00a0\u00a0\u00a0\u00a0\u00a0\u00a0\u00a0\u00a0\u00a0\u00a0\u00a0\u00a0\u00a0\u00a0\u00a0\u00a0\u00a0\u00a0\u00a0\u00a0\u00a0\u00a0\u00a0\u00a0\u00a0\u00a0\u00a0 <img loading=\"lazy\" decoding=\"async\" class=\"aligncenter wp-image-4156\" src=\"..\/wp-content\/uploads\/2019\/07\/Logo-regionCMJN.jpg\" alt=\"\" width=\"379\" height=\"300\" srcset=\"https:\/\/bassinvouge.com\/wp-content\/uploads\/2019\/07\/Logo-regionCMJN.jpg 652w, https:\/\/bassinvouge.com\/wp-content\/uploads\/2019\/07\/Logo-regionCMJN-300x237.jpg 300w, https:\/\/bassinvouge.com\/wp-content\/uploads\/2019\/07\/Logo-regionCMJN-450x356.jpg 450w\" sizes=\"auto, (max-width: 379px) 100vw, 379px\" \/><\/p>\n<p align=\"justify\"><img loading=\"lazy\" decoding=\"async\" class=\"aligncenter wp-image-3573\" src=\"..\/wp-content\/uploads\/2019\/03\/logo_CD_CotedOr_couleur-300x228.jpg\" alt=\"\" width=\"237\" height=\"180\" srcset=\"https:\/\/bassinvouge.com\/wp-content\/uploads\/2019\/03\/logo_CD_CotedOr_couleur-300x228.jpg 300w, https:\/\/bassinvouge.com\/wp-content\/uploads\/2019\/03\/logo_CD_CotedOr_couleur-768x584.jpg 768w, https:\/\/bassinvouge.com\/wp-content\/uploads\/2019\/03\/logo_CD_CotedOr_couleur-1030x783.jpg 1030w, https:\/\/bassinvouge.com\/wp-content\/uploads\/2019\/03\/logo_CD_CotedOr_couleur-1500x1140.jpg 1500w, https:\/\/bassinvouge.com\/wp-content\/uploads\/2019\/03\/logo_CD_CotedOr_couleur-705x536.jpg 705w, https:\/\/bassinvouge.com\/wp-content\/uploads\/2019\/03\/logo_CD_CotedOr_couleur-450x342.jpg 450w\" sizes=\"auto, (max-width: 237px) 100vw, 237px\" \/><\/p>\n<p align=\"justify\"><img loading=\"lazy\" decoding=\"async\" class=\"aligncenter wp-image-5832\" src=\"..\/wp-content\/uploads\/2023\/03\/Logo-SBO-nouveau-bleu-HD-300x123.jpg\" alt=\"\" width=\"365\" height=\"150\" srcset=\"https:\/\/bassinvouge.com\/wp-content\/uploads\/2023\/03\/Logo-SBO-nouveau-bleu-HD-300x123.jpg 300w, https:\/\/bassinvouge.com\/wp-content\/uploads\/2023\/03\/Logo-SBO-nouveau-bleu-HD-1030x424.jpg 1030w, https:\/\/bassinvouge.com\/wp-content\/uploads\/2023\/03\/Logo-SBO-nouveau-bleu-HD-768x316.jpg 768w, https:\/\/bassinvouge.com\/wp-content\/uploads\/2023\/03\/Logo-SBO-nouveau-bleu-HD-1536x632.jpg 1536w, https:\/\/bassinvouge.com\/wp-content\/uploads\/2023\/03\/Logo-SBO-nouveau-bleu-HD-2048x842.jpg 2048w, https:\/\/bassinvouge.com\/wp-content\/uploads\/2023\/03\/Logo-SBO-nouveau-bleu-HD-1500x617.jpg 1500w, https:\/\/bassinvouge.com\/wp-content\/uploads\/2023\/03\/Logo-SBO-nouveau-bleu-HD-705x290.jpg 705w\" sizes=\"auto, (max-width: 365px) 100vw, 365px\" \/> \u00a0\u00a0\u00a0\u00a0\u00a0\u00a0\u00a0 <img loading=\"lazy\" decoding=\"async\" class=\"aligncenter wp-image-3582\" src=\"..\/wp-content\/uploads\/2019\/03\/logowp-300x99-300x99.png\" alt=\"\" width=\"485\" height=\"160\" \/> \u00a0\u00a0 <img loading=\"lazy\" decoding=\"async\" class=\"aligncenter wp-image-5833\" src=\"..\/wp-content\/uploads\/2023\/03\/DM_quadri-300x211.jpg\" alt=\"\" width=\"227\" height=\"160\" srcset=\"https:\/\/bassinvouge.com\/wp-content\/uploads\/2023\/03\/DM_quadri-300x211.jpg 300w, https:\/\/bassinvouge.com\/wp-content\/uploads\/2023\/03\/DM_quadri-1030x725.jpg 1030w, https:\/\/bassinvouge.com\/wp-content\/uploads\/2023\/03\/DM_quadri-768x541.jpg 768w, https:\/\/bassinvouge.com\/wp-content\/uploads\/2023\/03\/DM_quadri-1536x1082.jpg 1536w, https:\/\/bassinvouge.com\/wp-content\/uploads\/2023\/03\/DM_quadri-1500x1056.jpg 1500w, https:\/\/bassinvouge.com\/wp-content\/uploads\/2023\/03\/DM_quadri-705x497.jpg 705w, https:\/\/bassinvouge.com\/wp-content\/uploads\/2023\/03\/DM_quadri.jpg 1542w\" sizes=\"auto, (max-width: 227px) 100vw, 227px\" \/><\/p>\n<\/div><\/section><\/div><\/div><\/div><\/div><!-- close content main div --><\/div><\/div><div id='after_section_1'  class='main_color av_default_container_wrap container_wrap sidebar_right'  ><div class='container av-section-cont-open' ><div class='template-page content  av-content-small alpha units'><div class='post-entry post-entry-type-page post-entry-3370'><div class='entry-content-wrapper clearfix'>\n<style type=\"text\/css\" data-created_by=\"avia_inline_auto\" id=\"style-css-av-32oc8q-e7fba3dd56fb2ea2e8e21e3ba0a9e4e2\">\n.flex_column.av-32oc8q-e7fba3dd56fb2ea2e8e21e3ba0a9e4e2{\nborder-radius:0px 0px 0px 0px;\npadding:0px 0px 0px 0px;\n}\n<\/style>\n<div  class='flex_column av-32oc8q-e7fba3dd56fb2ea2e8e21e3ba0a9e4e2 av_one_full  avia-builder-el-8  el_after_av_section  avia-builder-el-no-sibling  first flex_column_div av-zero-column-padding  '     ><\/div><\/p>\n","protected":false},"excerpt":{"rendered":"<p>This is a Page excerpt. It will be displayed for search results<\/p>\n","protected":false},"author":1,"featured_media":0,"parent":0,"menu_order":0,"comment_status":"open","ping_status":"open","template":"","meta":{"_seopress_robots_primary_cat":"","_seopress_titles_title":"","_seopress_titles_desc":"","_seopress_robots_index":"","_exactmetrics_skip_tracking":false,"_exactmetrics_sitenote_active":false,"_exactmetrics_sitenote_note":"","_exactmetrics_sitenote_category":0,"footnotes":""},"class_list":["post-3370","page","type-page","status-publish","hentry"],"_links":{"self":[{"href":"https:\/\/bassinvouge.com\/index.php?rest_route=\/wp\/v2\/pages\/3370","targetHints":{"allow":["GET"]}}],"collection":[{"href":"https:\/\/bassinvouge.com\/index.php?rest_route=\/wp\/v2\/pages"}],"about":[{"href":"https:\/\/bassinvouge.com\/index.php?rest_route=\/wp\/v2\/types\/page"}],"author":[{"embeddable":true,"href":"https:\/\/bassinvouge.com\/index.php?rest_route=\/wp\/v2\/users\/1"}],"replies":[{"embeddable":true,"href":"https:\/\/bassinvouge.com\/index.php?rest_route=%2Fwp%2Fv2%2Fcomments&post=3370"}],"version-history":[{"count":0,"href":"https:\/\/bassinvouge.com\/index.php?rest_route=\/wp\/v2\/pages\/3370\/revisions"}],"wp:attachment":[{"href":"https:\/\/bassinvouge.com\/index.php?rest_route=%2Fwp%2Fv2%2Fmedia&parent=3370"}],"curies":[{"name":"wp","href":"https:\/\/api.w.org\/{rel}","templated":true}]}}